{"id":311,"date":"2022-10-02T01:37:01","date_gmt":"2022-10-01T21:37:01","guid":{"rendered":"https:\/\/socialresearchjournal.az\/?page_id=311"},"modified":"2025-10-02T00:32:53","modified_gmt":"2025-10-01T20:32:53","slug":"muellifqaydalar","status":"publish","type":"page","link":"https:\/\/socialresearchjournal.az\/index.php\/muellifqaydalar\/","title":{"rendered":"M\u00fc\u0259llifl\u0259r \u00fc\u00e7\u00fcn qaydalar"},"content":{"rendered":"<p style=\"text-align: justify;\"><strong>\u00dcMUM\u0130 QAYDALAR<\/strong><\/p>\n<p style=\"text-align: justify;\"><strong>I. <\/strong><strong>M\u0259qal\u0259l\u0259rin m\u0259zmunu<\/strong><\/p>\n<p style=\"text-align: justify;\"><strong><em>\u00a0<\/em><\/strong>Jurnala g\u00f6nd\u0259ril\u0259c\u0259k m\u0259qal\u0259 sosial elml\u0259r sah\u0259sin\u0259 \u00f6z t\u00f6hf\u0259sini ver\u0259c\u0259k v\u0259 social elml\u0259r\u0259 yenilik g\u0259tir\u0259c\u0259k s\u0259viyy\u0259d\u0259 aktual v\u0259 orijinal olmal\u0131, analitik xarakter da\u015f\u0131mal\u0131 v\u0259 akademik t\u0259l\u0259bl\u0259r\u0259 cavab verm\u0259lidir. Elmi m\u0259qal\u0259nin <strong>\u201cGiri\u015f\u201d <\/strong>hiss\u0259sind\u0259 m\u00f6vzunun aktuall\u0131\u011f\u0131 \u0259sasland\u0131r\u0131lmal\u0131, <strong>\u201cM\u0259tn\u201d <\/strong>hiss\u0259sind\u0259 t\u0259dqiq edil\u0259n m\u0259s\u0259l\u0259l\u0259r, qald\u0131r\u0131lan probleml\u0259r b\u00f6lm\u0259l\u0259r \u00fczr\u0259 \u0259trafl\u0131 \u015f\u0259rh edilm\u0259li, <strong>\u201cN\u0259tic\u0259\u201d <\/strong>hiss\u0259sind\u0259 elm sah\u0259sinin v\u0259 m\u0259qal\u0259nin xarakterin\u0259 uy\u011fun olaraq m\u00fc\u0259llifin g\u0259ldiyi elmi q\u0259na\u0259t, i\u015fin elmi yeniliyi, t\u0259tbiqi \u0259h\u0259miyy\u0259ti, iqtisadi s\u0259m\u0259r\u0259si v\u0259 s. ayd\u0131n \u015f\u0259kild\u0259 verilm\u0259li, t\u0259klif v\u0259 t\u00f6vsiy\u0259l\u0259r ir\u0259li s\u00fcr\u00fclm\u0259lidir.<\/p>\n<p style=\"text-align: justify;\"><strong>II. M\u0259qal\u0259l\u0259rin strukturu, t\u0259rtib edilm\u0259 qaydalar\u0131 v\u0259 h\u0259cmi<\/strong><\/p>\n<p style=\"text-align: justify;\"><strong><em>\u00a0<\/em><\/strong>Redaksiyaya t\u0259qdim edil\u0259n m\u0259qal\u0259l\u0259r Ali Attestasiya Komissiyas\u0131n\u0131n d\u00f6vri elmi n\u0259\u015frl\u0259rin qar\u015f\u0131s\u0131nda qoydu\u011fu t\u0259l\u0259bl\u0259r\u0259 (http:\/\/aak.gov.az) v\u0259 STJ-nin \u201cM\u00fc\u0259llifl\u0259r \u00fc\u00e7\u00fcn qaydalar\u201d\u0131na tam cavab verm\u0259lidir.<\/p>\n<p style=\"text-align: justify;\"><strong>M\u0259qal\u0259l\u0259r d\u0259qiq strukturla\u015fd\u0131r\u0131lmal\u0131d\u0131r. H\u0259r bir m\u0259qal\u0259d\u0259 ard\u0131c\u0131l olaraq:<\/strong><\/p>\n<p style=\"text-align: justify;\"><strong>\u00a0<\/strong><strong>UOT i<\/strong>ndeksl\u0259r v\u0259 ya <strong>PACS <\/strong>tipli kodlar;<\/p>\n<p style=\"text-align: justify;\"><strong>\u201cM\u0259qal\u0259nin ad\u0131\u201d <\/strong>(10\u201312 s\u00f6zd\u0259n \u00e7ox ola bilm\u0259z), \u201cM\u00fc\u0259llifin ad\u0131 v\u0259 soyad\u0131\u201d, \u201cM\u00fc\u0259llifin i\u015fl\u0259diyi qurumun ad\u0131 v\u0259 \u00fcnvan\u0131\u201d, \u201cM\u00fc\u0259llifin v\u0259zif\u0259si, elmi d\u0259r\u0259c\u0259si, electron po\u00e7t \u00fcnvan\u0131\u201d;<\/p>\n<p style=\"text-align: justify;\"><strong>Giri\u015f: <\/strong>M\u0259zmunu m\u00fc\u0259llif t\u0259r\u0259find\u0259n m\u00fc\u0259yy\u0259n edilir.<\/p>\n<p style=\"text-align: justify;\"><strong>\u018fsas m\u0259tn <\/strong>(yar\u0131mba\u015fl\u0131qlara b\u00f6lm\u0259k \u015f\u0259rtil\u0259): A4 format\u0131nda (29,7&#215;21 sm), \u201cMS Word\u201d proqram\u0131nda, \u201cTimes New Roman\u201d \u2013 12 \u015frift v\u0259 1 intervalla yaz\u0131lmal\u0131d\u0131r. S\u0259hif\u0259 k\u0259narlar\u0131ndan 2 sm m\u0259saf\u0259 burax\u0131lmal\u0131 v\u0259 s\u0259hif\u0259l\u0259r n\u00f6mr\u0259l\u0259nm\u0259lidir. M\u0259tnd\u0259 yar\u0131mba\u015fl\u0131qlar yeni s\u0259tird\u0259n, ilk h\u0259rfi b\u00f6y\u00fck olmaqla qal\u0131n h\u0259rfl\u0259rl\u0259 verilm\u0259lidir.<\/p>\n<p style=\"text-align: justify;\"><strong>N\u0259tic\u0259: <\/strong>T\u0259dqiqat\u0131n \u0259sas elmi n\u0259tic\u0259l\u0259ri q\u0131sa v\u0259 \u00fcmumil\u0259\u015fdirilmi\u015f \u015f\u0259kild\u0259 verilm\u0259lidir.<\/p>\n<p style=\"text-align: justify;\"><strong>X\u00fclas\u0259: <\/strong>100 s\u00f6zd\u0259n az, 200 s\u00f6zd\u0259n \u00e7ox olmamal\u0131d\u0131r. X\u00fclas\u0259d\u0259 t\u0259dqiqat\u0131n m\u0259qs\u0259di, metodikas\u0131, ba\u015fl\u0131ca n\u0259tic\u0259l\u0259ri, m\u0259hdudiyy\u0259tl\u0259ri, orijinall\u0131\u011f\u0131, elmi yeniliyi v\u0259 praktiki \u0259h\u0259miyy\u0259ti q\u0131sa \u015f\u0259kild\u0259 \u0259ks etdirilm\u0259lidir. Az\u0259rbaycan, t\u00fcrk v\u0259 rus dill\u0259rind\u0259 yaz\u0131lan yaz\u0131lar\u0131n h\u0259min dill\u0259rl\u0259 yana\u015f\u0131 ingilis dilind\u0259, ingilis dilind\u0259 yaz\u0131lan yaz\u0131lar\u0131n is\u0259 ingilis dili il\u0259 yana\u015f\u0131, Az\u0259rbaycan v\u0259 rus dill\u0259rind\u0259 d\u0259 x\u00fclas\u0259si olmal\u0131d\u0131r.<\/p>\n<p style=\"text-align: justify;\"><strong>A\u00e7ar s\u00f6zl\u0259r <\/strong>(Az\u0259rbaycan, ingilis v\u0259 rus dill\u0259rind\u0259): M\u0259qal\u0259nin m\u0259zmununa uy\u011fun olmal\u0131 v\u0259 onu \u0259hat\u0259 etm\u0259lidir. 5-d\u0259n az, 8-d\u0259n \u00e7ox ola bilm\u0259z.<\/p>\n<p style=\"text-align: justify;\"><strong>M\u0259qal\u0259nin ba\u015fl\u0131\u011f\u0131 <\/strong>b\u00f6y\u00fck h\u0259rfl\u0259rl\u0259, yar\u0131mba\u015fl\u0131qlar\u0131 is\u0259 yaln\u0131z ilk h\u0259rfi b\u00f6y\u00fck olmaqla, qal\u0131n \u015friftl\u0259 v\u0259 n\u00f6mr\u0259l\u0259ndiril\u0259r\u0259k yaz\u0131lmal\u0131d\u0131r. Ba\u015fl\u0131q v\u0259 yar\u0131mba\u015fl\u0131qlardan, c\u0259dv\u0259l v\u0259 \u015f\u0259kill\u0259rd\u0259n (h\u0259m\u00e7inin t\u0259nlikl\u0259r v\u0259 d\u00fcsturlardan) \u0259vv\u0259l v\u0259 sonra bir s\u0259tir ara bo\u015flu\u011fu burax\u0131lmal\u0131d\u0131r. S\u0259hif\u0259l\u0259r ard\u0131c\u0131l olaraq yuxar\u0131 sa\u011f k\u00fcncd\u0259 n\u00f6mr\u0259l\u0259nm\u0259lidir.<\/p>\n<p style=\"text-align: justify;\"><strong>C\u0259dv\u0259l v\u0259 \u015f\u0259kill\u0259r<\/strong>in ad\u0131 olmal\u0131 v\u0259 bu ad c\u0259dv\u0259ll\u0259r \u00fc\u00e7\u00fcn c\u0259dv\u0259lin \u00fcst\u00fcnd\u0259 sa\u011f k\u00fcncd\u0259, \u015f\u0259kill\u0259r \u00fc\u00e7\u00fcn \u015f\u0259klin alt\u0131nda sol k\u00fcncd\u0259 yerl\u0259\u015fdiril\u0259r\u0259k, \u0259r\u0259b r\u0259q\u0259ml\u0259ril\u0259 ard\u0131c\u0131l n\u00f6mr\u0259l\u0259ndiril\u0259n m\u00fcvafiq olaraq \u201cc\u0259dv\u0259l\u201d v\u0259 \u201c\u015f\u0259kil\u201d s\u00f6z\u00fcnd\u0259n sonra yaz\u0131lmal\u0131d\u0131r. C\u0259dv\u0259l v\u0259 \u015f\u0259kill\u0259rin ba\u015fl\u0131qlar\u0131 ilk h\u0259rfl\u0259ri b\u00f6y\u00fck olmaqla qal\u0131n \u015firiftl\u0259 yaz\u0131lmal\u0131d\u0131r.<\/p>\n<p style=\"text-align: justify;\">C\u0259dv\u0259lin s\u00fctunlar\u0131n\u0131n ad\u0131 q\u0131sa olmal\u0131, \u00f6l\u00e7\u00fc vahidl\u0259ri m\u00f6t\u0259riz\u0259d\u0259 g\u00f6st\u0259rilm\u0259lidir. C\u0259dv\u0259l v\u0259 \u015f\u0259kill\u0259r biri-birini t\u0259krarlamamal\u0131, g\u00f6st\u0259ricil\u0259r Beyn\u0259lxalq Vahidl\u0259r Sistemind\u0259 (S\u0130) verilm\u0259lidir. \u018flyazmada bir c\u0259dv\u0259l v\u0259 bir \u015f\u0259kil verildikd\u0259, m\u00fcvafiq olaraq, onlar n\u00f6mr\u0259l\u0259nm\u0259li, \u201cC\u0259dv\u0259l\u201d v\u0259 ya \u201c\u015e\u0259kil\u201d s\u00f6z\u00fc d\u0259 yaz\u0131lmamal\u0131d\u0131r. \u015e\u0259kill\u0259r elektron formatda \u201cjpg\u201d, \u201ctif\u201d fayl tipind\u0259, CMYK-r\u0259ng rejimind\u0259, 300 dpid\u0259n az olmayan \u00f6l\u00e7\u00fcd\u0259, qrafik ill\u00fcstrasiyalar Word, Exsell, Adobe Illustrator, Potoshop, CorelDRAW v\u0259 PowerPoint proqramlar\u0131ndan birind\u0259 t\u0259qdim edilm\u0259lidir. D\u00fcsturlar Microsoft Equation-d\u0259 standart parametr il\u0259 y\u0131\u011f\u0131lmal\u0131d\u0131r.<\/p>\n<p style=\"text-align: justify;\"><strong>M\u0259qal\u0259l\u0259rin h\u0259cmi: <\/strong>yuxar\u0131dak\u0131 \u015f\u0259rtl\u0259r n\u0259z\u0259r\u0259 al\u0131nmaqla 8 s\u0259hif\u0259d\u0259n az olmamal\u0131d\u0131r.<\/p>\n<p style=\"text-align: justify;\"><strong>M\u0259nb\u0259 v\u0259 istinadlar: <\/strong>M\u0259qal\u0259nin m\u00f6vzusu il\u0259 ba\u011fl\u0131 elmi m\u0259nb\u0259l\u0259r\u0259 z\u0259ruri istinadlar olmal\u0131d\u0131r. M\u0259qal\u0259nin sonunda veril\u0259n \u0259d\u0259biyyat siyah\u0131s\u0131 dill\u0259r \u00fczr\u0259 \u0259lifba ard\u0131c\u0131ll\u0131\u011f\u0131 il\u0259 n\u00f6mr\u0259l\u0259nm\u0259lidir. Elmi \u0259d\u0259biyyata m\u0259tnd\u0259 ba\u015fqa bir yerd\u0259 t\u0259krar istinad olunarsa, onda istinad olunan h\u0259min \u0259d\u0259biyyat \u0259vv\u0259lki n\u00f6mr\u0259 il\u0259 g\u00f6st\u0259rilm\u0259lidir. \u018fd\u0259biyyat siyah\u0131s\u0131nda veril\u0259n h\u0259r bir istinad haqq\u0131nda m\u0259lumat tam, d\u0259qiq v\u0259 orijinal\u0131n dilind\u0259 olmal\u0131d\u0131r. \u0130stinad olunan m\u0259nb\u0259nin biblioqrafik t\u0259sviri onun n\u00f6v\u00fcnd\u0259n (monoqrafiya, d\u0259rslik, elmi m\u0259qal\u0259 v\u0259 s.) as\u0131l\u0131 olaraq verilm\u0259lidir. Elmi m\u0259qal\u0259l\u0259r\u0259, simpozium, konfrans v\u0259 dig\u0259r n\u00fcfuzlu elmi t\u0259dbirl\u0259rin materiallar\u0131na v\u0259 ya tezisl\u0259rin\u0259 istinad ed\u0259rk\u0259n m\u0259qal\u0259nin, m\u0259ruz\u0259nin v\u0259 ya tezisin ad\u0131 g\u00f6st\u0259rilm\u0259lidir. \u0130stinad olunan m\u0259nb\u0259nin biblioqrafik t\u0259sviri veril\u0259rk\u0259n Az\u0259rbaycan Respublikas\u0131n\u0131n Prezidenti yan\u0131nda Ali Attestasiya Komissiyas\u0131n\u0131n \u201cDissertasiyalar\u0131n t\u0259rtibi qaydalar\u0131\u201d bar\u0259d\u0259 q\u00fcvv\u0259d\u0259 olan t\u0259limat\u0131n\u0131n \u201c\u0130stifad\u0259 edilmi\u015f \u0259d\u0259biyyat\u201d b\u00f6lm\u0259sinin 10.2-10.4.6 t\u0259l\u0259bl\u0259ri \u0259sas g\u00f6t\u00fcr\u00fclm\u0259lidir. M\u0259tnd\u0259 istinad olunan b\u00fct\u00fcn m\u0259nb\u0259l\u0259r, s\u0259hif\u0259 n\u00f6mr\u0259l\u0259ri il\u0259 birlikd\u0259 \u201c\u0130stifad\u0259 edilmi\u015f \u0259d\u0259biyyat\u201d siyah\u0131s\u0131nda a\u015fa\u011f\u0131dak\u0131 n\u00fcmun\u0259l\u0259rd\u0259 g\u00f6st\u0259ril\u0259n qaydada verilm\u0259lidir:<\/p>\n<p style=\"text-align: justify;\"><strong>a) Kitablar:<\/strong><\/p>\n<p style=\"text-align: justify;\">Adilov M.\u0130., H\u0259s\u0259nov \u0130.C. Qloballa\u015fma v\u0259 milli m\u0259n\u0259vi d\u0259y\u0259rl\u0259r. Bak\u0131: Elm, 2012,<\/p>\n<p style=\"text-align: justify;\">-476 s.<\/p>\n<p style=\"text-align: justify;\"><strong>b) Jurnallar:<\/strong><\/p>\n<p style=\"text-align: justify;\">\u015eix\u0259liyev E.\u0130. Erm\u0259nil\u0259rin \u201cdin\u201d strategiyas\u0131n\u0131n \u0259sas istiqam\u0259tl\u0259ri. \/\/ \u201cStrateji t\u0259hlil\u201d<\/p>\n<p style=\"text-align: justify;\">jurnal\u0131, \u21167(35), Bak\u0131: Elm, 2013, s. 32-45.<\/p>\n<p style=\"text-align: justify;\"><strong>c) Toplularda m\u0259qal\u0259y\u0259 istinad (konfrans, simpozium v\u0259 dig\u0259r):<\/strong><\/p>\n<p style=\"text-align: justify;\">\u201cAz\u0259rbaycan iqtisadiyyat\u0131nda ke\u00e7id d\u00f6vr\u00fcn\u00fcn ba\u015fa \u00e7atmas\u0131: t\u0259hlil v\u0259 n\u0259tic\u0259l\u0259r. Milli inki\u015faf modelinin formala\u015fmas\u0131 probleml\u0259ri\u201d. \/ Respublika elmi-praktiki konfrans\u0131n\u0131n materiallar\u0131. Bak\u0131: \u015e\u0259rq-Q\u0259rb, 2010, s. 314-316.<\/p>\n<p style=\"text-align: justify;\"><strong>\u00e7) Dissertasiyalar v\u0259 avtoreferatlar:<\/strong><\/p>\n<p style=\"text-align: justify;\">M\u0259mm\u0259dov H.B. Az\u0259rbaycan Respublikas\u0131 m\u00fcasir beyn\u0259lxalq siyasi prosesl\u0259rin aktoru kimi. Elml\u0259r doktoru dissertasiyas\u0131n\u0131n avtoreferat\u0131, Bak\u0131: Elm, 2013, &#8211; 44 s.<\/p>\n<p style=\"text-align: justify;\"><strong>d) M\u00fc\u0259lliflik \u015f\u0259had\u0259tnam\u0259l\u0259ri v\u0259 patentl\u0259r:<\/strong><\/p>\n<p style=\"text-align: justify;\">\u0410\u043b\u0438\u0435\u0432 \u0421.\u0413., \u0414\u0436\u0430\u043b\u0430\u043b\u043e\u0432 \u041a.\u0425. \u0410.\u0421. 163514, \u0421\u0421\u0421\u0420 \/\/ \u0411.\u0418. 1988, \u2116 4, c.50<\/p>\n<p style=\"text-align: justify;\">Langsam M., Savoca A. C.L. Pat. 4759776, USA, 1988.<\/p>\n<p style=\"text-align: justify;\"><strong>e) \u0130nternet s\u0259hf\u0259l\u0259ri <\/strong>(internet s\u0259hf\u0259l\u0259rin\u0259 istinadlar m\u00fctl\u0259q g\u00fcn, ay, il olmaqla, istifad\u0259 olundu\u011fu tarix g\u00f6st\u0259rilm\u0259k \u015f\u0259rtil\u0259 tam \u00fcnvan \u015f\u0259klind\u0259 olmal\u0131d\u0131r): http:\/\/www.stat.gov.az\/# (15.11.2013) \/ 2013-c\u00fc ilin yanvar-oktyabr aylar\u0131nda \u00f6lk\u0259nin iqtisadi v\u0259 sosial inki\u015faf\u0131n\u0131n makroiqtisadi g\u00f6st\u0259ricil\u0259ri.<\/p>\n<p style=\"text-align: justify;\">M\u0259qal\u0259nin sonundak\u0131 \u0259d\u0259biyyat siyah\u0131s\u0131nda son 5-10 ilin elmi m\u0259qal\u0259l\u0259rin\u0259, monoqrafiyalar\u0131na v\u0259 dig\u0259r etibarl\u0131 m\u0259nb\u0259l\u0259rin\u0259 \u00fcst\u00fcnl\u00fck verilm\u0259lidir. M\u0259tnd\u0259 istifad\u0259 edilm\u0259y\u0259n m\u0259nb\u0259l\u0259r \u201c\u0130stifad\u0259 edilmi\u015f \u0259d\u0259biyyat\u201d hiss\u0259sind\u0259 g\u00f6st\u0259rilm\u0259m\u0259lidir.<\/p>\n<p style=\"text-align: justify;\"><strong>M\u0259qal\u0259nin redaksiyaya t\u0259qdim edilm\u0259 qaydas\u0131<\/strong><\/p>\n<p style=\"text-align: justify;\"><strong><em>\u00a0<\/em><\/strong>M\u0259qal\u0259nin orijinal\u0131 2 n\u00fcsx\u0259d\u0259 (h\u0259m\u00e7inin elektron formada) t\u0259dqiqat\u0131n apar\u0131ld\u0131\u011f\u0131 m\u00fc\u0259ssis\u0259nin g\u00f6nd\u0259ri\u015f m\u0259ktubu v\u0259 elmi \u015furas\u0131n\u0131n m\u00fcvafiq iclas protokolundan \u00e7\u0131xar\u0131\u015f il\u0259 birg\u0259 m\u00fc\u0259llif(l\u0259r)in \u00f6z\u00fc t\u0259r\u0259find\u0259n redaksiyaya (AZ 1073, Bak\u0131 \u015f\u0259h\u0259ri, Yasamal rayonu, \u0130smay\u0131l b\u0259y Qutqa\u015f\u0131nl\u0131 k\u00fc\u00e7\u0259si, 18.<\/p>\n<p style=\"text-align: justify;\">Sosial T\u0259dqiqatlar M\u0259rk\u0259zi) t\u0259qdim edilm\u0259lidir. \u018flyazma m\u00fctl\u0259q m\u00fc\u0259llif(l\u0259r) t\u0259r\u0259find\u0259n imzalanmal\u0131 v\u0259 onun redaksiyaya t\u0259qdimedilm\u0259 tarixi g\u00f6st\u0259rilm\u0259lidir.<\/p>\n<p style=\"text-align: justify;\">M\u0259qal\u0259l\u0259rin elektron qaydada t\u0259qdim edilm\u0259si d\u0259 m\u00fcmk\u00fcnd\u00fcr. Bunun \u00fc\u00e7\u00fcn m\u00fc\u0259llifl\u0259r m\u0259qal\u0259l\u0259rini jurnal\u0131n elektron po\u00e7tuna (socialresearchjournal@gmail.com; tahirallahyarova@gmail.com; agshin.mammadov76@gmail.com) g\u00f6nd\u0259rm\u0259lidirl\u0259r.<\/p>\n<p style=\"text-align: justify;\"><strong>III. M\u0259qal\u0259l\u0259rin qiym\u0259tl\u0259ndirilm\u0259si, resenziyala\u015fd\u0131r\u0131lmas\u0131 v\u0259 d\u0259rci<\/strong><\/p>\n<p style=\"text-align: justify;\"><strong><em>\u00a0<\/em><\/strong>STJ-y\u0259 g\u00f6nd\u0259ril\u0259n m\u0259qal\u0259l\u0259r \u0259vv\u0259lc\u0259 redaksiya t\u0259r\u0259find\u0259n jurnal\u0131n n\u0259\u015fr prinsipl\u0259ri bax\u0131m\u0131ndan qiym\u0259tl\u0259ndirilir. N\u0259\u015fr prinsipl\u0259rin\u0259 uy\u011fun olmayan yaz\u0131lar d\u00fcz\u0259ldilm\u0259k \u00fc\u00e7\u00fcn m\u00fc\u0259llif\u0259 g\u00f6nd\u0259ril\u0259 v\u0259 ya resenziyala\u015fd\u0131rmadan imtina edil\u0259 bil\u0259r. Resenziyala\u015fd\u0131rma \u00fc\u00e7\u00fcn q\u0259bul edil\u0259n m\u0259qal\u0259l\u0259rin resenziya prosesind\u0259 elmi obyektivlik v\u0259 elmi keyfiyy\u0259t kriteriyalar\u0131na x\u00fcsusi diqq\u0259t yetirilir. Resenziyala\u015fd\u0131rma \u00fc\u00e7\u00fcn q\u0259bul edil\u0259n yaz\u0131lar m\u00fcvafiq sah\u0259y\u0259 aid iki resenzent\u0259 g\u00f6nd\u0259rilir. Resenzentl\u0259rin adlar\u0131 m\u0259xfi saxlan\u0131l\u0131r v\u0259 yaz\u0131lara veril\u0259n r\u0259yl\u0259r be\u015f il \u0259rzind\u0259 redaksiyada qorunur. Resenzentl\u0259rd\u0259n birinin r\u0259yi m\u00fcsb\u0259t, dig\u0259ri m\u0259nfi oldu\u011fu t\u0259qdird\u0259 yaz\u0131 \u00fc\u00e7\u00fcnc\u00fc resenzent\u0259 g\u00f6nd\u0259ril\u0259 bil\u0259r v\u0259 ya redaksiya veril\u0259n r\u0259yl\u0259ri qiym\u0259tl\u0259ndirdikd\u0259n sonra yekun q\u0259rar q\u0259bul ed\u0259 bil\u0259r. M\u00fc\u0259llifl\u0259rin resenzentl\u0259rin v\u0259 redaksiyan\u0131n t\u0259nqid, irad v\u0259 t\u0259klifl\u0259rini n\u0259z\u0259r\u0259 almalar\u0131 z\u0259ruridir. M\u00fc\u0259llifl\u0259r raz\u0131la\u015fmad\u0131\u011f\u0131 m\u0259qamlarla ba\u011fl\u0131 \u0259sasland\u0131r\u0131lm\u0131\u015f \u015f\u0259kild\u0259 etiraz etm\u0259k h\u00fcququnu saxlay\u0131rlar. N\u0259\u015fr\u0259 q\u0259bul edilm\u0259y\u0259n yaz\u0131lar m\u00fc\u0259llifl\u0259rin\u0259 qaytar\u0131lm\u0131r.<\/p>\n<p style=\"text-align: justify;\">Redaksiyaya t\u0259qdim edil\u0259n m\u0259qal\u0259l\u0259r (\u0259lyazmalar) m\u00fct\u0259x\u0259ssisl\u0259r (resenzentl\u0259r) t\u0259r\u0259find\u0259n konfedensial olaraq resenziyala\u015fd\u0131r\u0131ld\u0131qdan sonra redaksiya hey\u0259tinin m\u00fct\u0259x\u0259ssis \u00fczvl\u0259rind\u0259n biri t\u0259r\u0259find\u0259n \u00e7apa t\u00f6vsiy\u0259 v\u0259 ya t\u0259qdim edilir. Resenziyala\u015fd\u0131rma v\u0259 t\u0259sdiqetm\u0259 m\u00fcdd\u0259ti \u00fcmumilikd\u0259 3 ayd\u0131r. M\u0259qal\u0259l\u0259r resenziyala\u015fd\u0131rma prosedurunun n\u0259tic\u0259l\u0259ri \u0259sas g\u00f6t\u00fcr\u00fcl\u0259r\u0259k n\u00f6vb\u0259lilik prinsipi il\u0259 d\u0259rc edilir.<\/p>\n<p style=\"text-align: justify;\"><strong>IV. Kompilyasiya v\u0259 ya plagiatl\u0131q hallar\u0131<\/strong><\/p>\n<p style=\"text-align: justify;\"><strong><em>\u00a0<\/em><\/strong>B\u00fct\u00fcn m\u0259qal\u0259l\u0259r kompilyasiya v\u0259 ya plagiat ola bil\u0259c\u0259yi ehtimal\u0131na g\u00f6r\u0259 n\u0259z\u0259rd\u0259n ke\u00e7irilir. Plagiatl\u0131q hallar\u0131na rast g\u0259ldikd\u0259 m\u0259qal\u0259 d\u0259rhal \u00e7ap prosesind\u0259n k\u0259narla\u015fd\u0131r\u0131l\u0131r v\u0259 &#8220;Sosial t\u0259dqiqatlar&#8221; jurnal\u0131n\u0131n bundan sonrak\u0131 saylar\u0131nda m\u00fc\u0259llifin m\u0259qal\u0259 d\u0259rc etdirm\u0259sin\u0259 icaz\u0259 verilmir.<\/p>\n<p style=\"text-align: justify;\"><strong>V. M\u00fc\u0259lliflik h\u00fcquqlar\u0131<\/strong><\/p>\n<p style=\"text-align: justify;\"><strong><em>\u00a0<\/em><\/strong>Jurnalda d\u0259rc edil\u0259n m\u0259qal\u0259l\u0259rd\u0259 m\u00fc\u0259lliflik h\u00fcququ qorunur v\u0259 bu m\u0259qal\u0259l\u0259rin b\u00fct\u00fcn n\u0259\u015fr h\u00fcquqlar\u0131 &#8220;Sosial t\u0259dqiqatlar&#8221; jurnal\u0131na aiddir. Jurnalda \u00e7ap edilmi\u015f m\u0259qal\u0259l\u0259rin eynil\u0259 dig\u0259r n\u0259\u015frl\u0259rd\u0259 (m\u0259qal\u0259nin tezis \u015f\u0259klind\u0259 d\u0259rc olunmu\u015f variant istisnad\u0131r) d\u0259rcin\u0259 yaln\u0131z Redaksiyan\u0131n yaz\u0131l\u0131 icaz\u0259si, sitatlar\u0131n verilm\u0259sin\u0259 is\u0259 m\u0259nb\u0259 g\u00f6st\u0259rilm\u0259k \u015f\u0259rti il\u0259 yol verilir.<\/p>\n<p style=\"text-align: justify;\">\u018fvv\u0259ll\u0259r \u00e7ap olunmu\u015f v\u0259 ya cap olunmaq \u00fc\u00e7\u00fcn ba\u015fqa bir d\u00f6vri n\u0259\u015fr\u0259 g\u00f6nd\u0259rilmi\u015f \u0259lyazmalar\u0131n jurnala t\u0259dqim edilm\u0259si yolverilm\u0259zdir. Simpoziumlarda, konfranslarda t\u0259qdim olunan v\u0259 tam \u015f\u0259kild\u0259 yay\u0131mlanmayan materiallar m\u0259qal\u0259 formas\u0131nda qiym\u0259tl\u0259ndirilm\u0259 v\u0259 resenziyala\u015fd\u0131r\u0131lma m\u0259rh\u0259l\u0259sin\u0259 t\u0259qdim edil\u0259 bil\u0259r.<\/p>\n<p style=\"text-align: justify;\">Yuxar\u0131da g\u00f6st\u0259ril\u0259n t\u0259l\u0259bl\u0259r\u0259 cavab verm\u0259y\u0259n m\u0259qal\u0259l\u0259r \u00e7ap edilmir.<\/p>\n<p style=\"text-align: justify;\"><strong>N\u0259\u015frin m\u00fc\u0259llifl\u0259r\u0259 t\u0259qdim edilm\u0259si<\/strong><\/p>\n<p style=\"text-align: justify;\">D\u0259rc olunmu\u015f m\u0259qal\u0259y\u0259 g\u00f6r\u0259 m\u00fc\u0259llif\u0259 jurnal\u0131n bir n\u00fcsx\u0259si verilir.<\/p>\n<p style=\"text-align: justify;\"><strong>Redaksiyan\u0131n \u00fcnvan\u0131<\/strong><\/p>\n<p style=\"text-align: justify;\">Az\u0259rbaycan Respublikas\u0131, AZ 1073, Bak\u0131 \u015f\u0259h\u0259ri,<\/p>\n<p style=\"text-align: justify;\">Yasamal rayonu, \u0130smay\u0131l b\u0259y Qutqa\u015f\u0131nl\u0131 k\u00fc\u00e7\u0259si, 18.<\/p>\n<p style=\"text-align: justify;\">Sosial T\u0259dqiqatlar M\u0259rk\u0259zi.<\/p>\n<p style=\"text-align: justify;\"><strong>\u018fl\u0259q\u0259 telefonlar\u0131<\/strong><\/p>\n<p style=\"text-align: justify;\">(012) 510-70-78<\/p>\n<p style=\"text-align: justify;\"><strong>\u201cSOS\u0130AL T\u018fDQ\u0130QATLAR\u201d<\/strong><\/p>\n<p style=\"text-align: justify;\"><strong>jurnal\u0131n\u0131n Redaksiya \u015euras\u0131<\/strong><\/p>\n","protected":false},"excerpt":{"rendered":"<p>\u00dcMUM\u0130 QAYDALAR I. M\u0259qal\u0259l\u0259rin m\u0259zmunu \u00a0Jurnala g\u00f6nd\u0259ril\u0259c\u0259k m\u0259qal\u0259 sosial elml\u0259r sah\u0259sin\u0259 \u00f6z t\u00f6hf\u0259sini ver\u0259c\u0259k v\u0259 social elml\u0259r\u0259 yenilik g\u0259tir\u0259c\u0259k s\u0259viyy\u0259d\u0259 aktual v\u0259 orijinal olmal\u0131, analitik xarakter da\u015f\u0131mal\u0131 v\u0259 akademik t\u0259l\u0259bl\u0259r\u0259 cavab verm\u0259lidir. Elmi m\u0259qal\u0259nin \u201cGiri\u015f\u201d hiss\u0259sind\u0259 m\u00f6vzunun aktuall\u0131\u011f\u0131 \u0259sasland\u0131r\u0131lmal\u0131, \u201cM\u0259tn\u201d hiss\u0259sind\u0259 t\u0259dqiq edil\u0259n m\u0259s\u0259l\u0259l\u0259r, qald\u0131r\u0131lan probleml\u0259r b\u00f6lm\u0259l\u0259r \u00fczr\u0259 \u0259trafl\u0131 \u015f\u0259rh edilm\u0259li, \u201cN\u0259tic\u0259\u201d hiss\u0259sind\u0259 elm sah\u0259sinin [&hellip;]<\/p>\n","protected":false},"author":1,"featured_media":0,"parent":0,"menu_order":0,"comment_status":"closed","ping_status":"closed","template":"","meta":{"footnotes":""},"class_list":["post-311","page","type-page","status-publish","hentry"],"_links":{"self":[{"href":"https:\/\/socialresearchjournal.az\/index.php\/wp-json\/wp\/v2\/pages\/311","targetHints":{"allow":["GET"]}}],"collection":[{"href":"https:\/\/socialresearchjournal.az\/index.php\/wp-json\/wp\/v2\/pages"}],"about":[{"href":"https:\/\/socialresearchjournal.az\/index.php\/wp-json\/wp\/v2\/types\/page"}],"author":[{"embeddable":true,"href":"https:\/\/socialresearchjournal.az\/index.php\/wp-json\/wp\/v2\/users\/1"}],"replies":[{"embeddable":true,"href":"https:\/\/socialresearchjournal.az\/index.php\/wp-json\/wp\/v2\/comments?post=311"}],"version-history":[{"count":7,"href":"https:\/\/socialresearchjournal.az\/index.php\/wp-json\/wp\/v2\/pages\/311\/revisions"}],"predecessor-version":[{"id":1339,"href":"https:\/\/socialresearchjournal.az\/index.php\/wp-json\/wp\/v2\/pages\/311\/revisions\/1339"}],"wp:attachment":[{"href":"https:\/\/socialresearchjournal.az\/index.php\/wp-json\/wp\/v2\/media?parent=311"}],"curies":[{"name":"wp","href":"https:\/\/api.w.org\/{rel}","templated":true}]}}